{"id":1318,"date":"2020-09-16T15:41:53","date_gmt":"2020-09-16T12:41:53","guid":{"rendered":"https:\/\/www.metkontekstil.com\/?page_id=1318"},"modified":"2020-09-24T17:56:19","modified_gmt":"2020-09-24T14:56:19","slug":"surdurulebilirlik","status":"publish","type":"page","link":"https:\/\/www.metkontekstil.com\/?page_id=1318","title":{"rendered":"S\u00fcrd\u00fcr\u00fclebilirlik"},"content":{"rendered":"\t\t<div data-elementor-type=\"wp-page\" data-elementor-id=\"1318\" class=\"elementor elementor-1318\" data-elementor-settings=\"[]\">\n\t\t\t\t\t\t<div class=\"elementor-inner\">\n\t\t\t\t\t\t\t<div class=\"elementor-section-wrap\">\n\t\t\t\t\t\t\t<section class=\"elementor-section elementor-top-section elementor-element elementor-element-ece7439 elementor-section-boxed elementor-section-height-default elementor-section-height-default\" data-id=\"ece7439\" data-element_type=\"section\">\n\t\t\t\t\t\t<div class=\"elementor-container elementor-column-gap-default\">\n\t\t\t\t\t\t\t<div class=\"elementor-row\">\n\t\t\t\t\t<div class=\"elementor-column elementor-col-100 elementor-top-column elementor-element elementor-element-a1b3f40\" data-id=\"a1b3f40\" data-element_type=\"column\">\n\t\t\t<div class=\"elementor-column-wrap elementor-element-populated\">\n\t\t\t\t\t\t\t<div class=\"elementor-widget-wrap\">\n\t\t\t\t\t\t<div class=\"elementor-element elementor-element-38e2eae elementor-widget elementor-widget-text-editor\" data-id=\"38e2eae\" data-element_type=\"widget\" data-widget_type=\"text-editor.default\">\n\t\t\t\t<div class=\"elementor-widget-container\">\n\t\t\t\t\t\t\t\t<div class=\"elementor-text-editor elementor-clearfix\">\n\t\t\t\t\t<p><strong><br><\/strong><\/p>\n<p><strong>\u0130\u015f Sa\u011fl\u0131\u011f\u0131 ve G\u00fcvenli\u011fi (ISG)<\/strong><\/p>\n<p>\u00c7al\u0131\u015fanlar\u0131m\u0131z\u0131n fiziksel, sosyal ve ruhsal y\u00f6nden tam iyilik halinde \u00e7al\u0131\u015fmalar\u0131 i\u00e7in pro-aktif ve kat\u0131l\u0131mc\u0131 yakla\u015f\u0131mlarla s\u0131f\u0131r i\u015f kazas\u0131 ve meslek hastal\u0131\u011f\u0131 hedefi ile \u00e7al\u0131\u015fmaktay\u0131z. Bu kapsamda g\u00fcvenli ve sa\u011fl\u0131kl\u0131 \u00e7al\u0131\u015fma ortam\u0131 sa\u011flayacak i\u015f sa\u011fl\u0131\u011f\u0131 ve g\u00fcvenli\u011fi politikalar\u0131 ve uygulamalar\u0131 t\u00fcm \u00e7al\u0131\u015fanlar\u0131n kat\u0131l\u0131m\u0131yla yap\u0131lmaktad\u0131r. Gerek \u00c7al\u0131\u015fma Sosyal G\u00fcvenlik Bakanl\u0131\u011f\u0131 gerekse m\u00fc\u015fterilerimiz taraf\u0131ndan ger\u00e7ekle\u015ftirilen denetimlerde i\u015f sa\u011fl\u0131\u011f\u0131 ve g\u00fcvenli\u011fi yasal mevzuat gerekliliklerinin kar\u015f\u0131land\u0131\u011f\u0131 ortaya konmu\u015ftur.<\/p><p><br><\/p>\n<p><\/p>\n<p><strong>\u00c7evre Y\u00f6netimi<\/strong><\/p>\n<p><strong>METKON<\/strong> Tekstil etkin \u00e7evre politikalar\u0131 ile faaliyetlerinden kaynakl\u0131 \u00e7evreye olan etkilerini en aza indirmektedir. \u00dcretim prosesimizden kaynakl\u0131 at\u0131klar\u0131m\u0131z zararl\u0131 olmayan stat\u00fcdedir ve ka\u011f\u0131t, art\u0131k kuma\u015f ve plastik gibi alt kategorilere ayr\u0131lm\u0131\u015ft\u0131r. Toplanan at\u0131klar geri d\u00f6n\u00fc\u015f\u00fcm kurulu\u015flar\u0131na ve\/veya lisansl\u0131 at\u0131k imha tesislerine g\u00f6nderilir. Bu sayede <strong>METKON<\/strong> tekrar kullan\u0131labilir at\u0131klar\u0131n geri kazan\u0131m\u0131n\u0131 sa\u011flam\u0131\u015f olur.<\/p><p><br><\/p>\n<p><\/p>\n<p><strong>Tedarik Y\u00f6netimi<\/strong><\/p>\n<p>Etkin bir fason ve tedarik\u00e7i de\u011ferlendirme ve denetim mekanizmas\u0131 olu\u015fturulmu\u015ftur. Yap\u0131lan d\u00fczenli saha ziyaretleri ile tedarik\u00e7ilerimizin de yasal mevzuat ve m\u00fc\u015fteri standartlar\u0131na uyumunu ve s\u00fcreklilik takibini sa\u011flanmaktay\u0131z.<\/p>\n<div>&nbsp;<\/div>\t\t\t\t\t<\/div>\n\t\t\t\t\t\t<\/div>\n\t\t\t\t<\/div>\n\t\t\t\t\t\t<\/div>\n\t\t\t\t\t<\/div>\n\t\t<\/div>\n\t\t\t\t\t\t\t\t<\/div>\n\t\t\t\t\t<\/div>\n\t\t<\/section>\n\t\t\t\t\t\t<\/div>\n\t\t\t\t\t\t<\/div>\n\t\t\t\t\t<\/div>\n\t\t","protected":false},"excerpt":{"rendered":"<p>\u0130\u015f Sa\u011fl\u0131\u011f\u0131 ve G\u00fcvenli\u011fi (ISG) \u00c7al\u0131\u015fanlar\u0131m\u0131z\u0131n fiziksel, sosyal ve ruhsal y\u00f6nden tam iyilik halinde \u00e7al\u0131\u015fmalar\u0131 i\u00e7in pro-aktif ve&#8230;<\/p>\n","protected":false},"author":1,"featured_media":0,"parent":0,"menu_order":0,"comment_status":"closed","ping_status":"closed","template":"elementor_header_footer","meta":{"footnotes":""},"class_list":["post-1318","page","type-page","status-publish","hentry"],"featured_image_urls":{"full":"","thumbnail":"","medium":"","medium_large":"","large":"","1536x1536":"","2048x2048":"","manufacturer_vertical_thumb":"","manufacturer_full":"","manufacturer_medium":"","manufacturer_single":"","manufacturer_wc_thumbnail":"","manufacturer_wc_medium":"","woocommerce_thumbnail":"","woocommerce_single":"","woocommerce_gallery_thumbnail":"","shop_catalog":"","shop_single":"","shop_thumbnail":""},"post_excerpt_stackable":"<p>\u0130\u015f Sa\u011fl\u0131\u011f\u0131 ve G\u00fcvenli\u011fi (ISG) \u00c7al\u0131\u015fanlar\u0131m\u0131z\u0131n fiziksel, sosyal ve ruhsal y\u00f6nden tam iyilik halinde \u00e7al\u0131\u015fmalar\u0131 i\u00e7in pro-aktif ve kat\u0131l\u0131mc\u0131 yakla\u015f\u0131mlarla s\u0131f\u0131r i\u015f kazas\u0131 ve meslek hastal\u0131\u011f\u0131 hedefi ile \u00e7al\u0131\u015fmaktay\u0131z. Bu kapsamda g\u00fcvenli ve sa\u011fl\u0131kl\u0131 \u00e7al\u0131\u015fma ortam\u0131 sa\u011flayacak i\u015f sa\u011fl\u0131\u011f\u0131 ve g\u00fcvenli\u011fi politikalar\u0131 ve uygulamalar\u0131 t\u00fcm \u00e7al\u0131\u015fanlar\u0131n kat\u0131l\u0131m\u0131yla yap\u0131lmaktad\u0131r. Gerek \u00c7al\u0131\u015fma Sosyal G\u00fcvenlik Bakanl\u0131\u011f\u0131 gerekse m\u00fc\u015fterilerimiz taraf\u0131ndan ger\u00e7ekle\u015ftirilen denetimlerde i\u015f sa\u011fl\u0131\u011f\u0131 ve g\u00fcvenli\u011fi yasal mevzuat gerekliliklerinin kar\u015f\u0131land\u0131\u011f\u0131 ortaya konmu\u015ftur. \u00c7evre Y\u00f6netimi METKON Tekstil etkin \u00e7evre politikalar\u0131 ile faaliyetlerinden kaynakl\u0131 \u00e7evreye olan etkilerini en aza indirmektedir. \u00dcretim prosesimizden kaynakl\u0131 at\u0131klar\u0131m\u0131z zararl\u0131 olmayan stat\u00fcdedir ve ka\u011f\u0131t, art\u0131k kuma\u015f ve plastik gibi alt kategorilere&hellip;<\/p>\n","category_list":"","author_info":{"name":"metkontekstil_","url":"https:\/\/www.metkontekstil.com\/?author=1"},"comments_num":"0 comments","_links":{"self":[{"href":"https:\/\/www.metkontekstil.com\/index.php?rest_route=\/wp\/v2\/pages\/1318","targetHints":{"allow":["GET"]}}],"collection":[{"href":"https:\/\/www.metkontekstil.com\/index.php?rest_route=\/wp\/v2\/pages"}],"about":[{"href":"https:\/\/www.metkontekstil.com\/index.php?rest_route=\/wp\/v2\/types\/page"}],"author":[{"embeddable":true,"href":"https:\/\/www.metkontekstil.com\/index.php?rest_route=\/wp\/v2\/users\/1"}],"replies":[{"embeddable":true,"href":"https:\/\/www.metkontekstil.com\/index.php?rest_route=%2Fwp%2Fv2%2Fcomments&post=1318"}],"version-history":[{"count":14,"href":"https:\/\/www.metkontekstil.com\/index.php?rest_route=\/wp\/v2\/pages\/1318\/revisions"}],"predecessor-version":[{"id":2120,"href":"https:\/\/www.metkontekstil.com\/index.php?rest_route=\/wp\/v2\/pages\/1318\/revisions\/2120"}],"wp:attachment":[{"href":"https:\/\/www.metkontekstil.com\/index.php?rest_route=%2Fwp%2Fv2%2Fmedia&parent=1318"}],"curies":[{"name":"wp","href":"https:\/\/api.w.org\/{rel}","templated":true}]}}