{"id":1439,"date":"2020-09-19T11:50:24","date_gmt":"2020-09-19T08:50:24","guid":{"rendered":"https:\/\/www.metkontekstil.com\/?page_id=1439"},"modified":"2020-09-24T17:59:32","modified_gmt":"2020-09-24T14:59:32","slug":"neden-metkon","status":"publish","type":"page","link":"https:\/\/www.metkontekstil.com\/?page_id=1439","title":{"rendered":"Neden METKON?"},"content":{"rendered":"\t\t<div data-elementor-type=\"wp-page\" data-elementor-id=\"1439\" class=\"elementor elementor-1439\" data-elementor-settings=\"[]\">\n\t\t\t\t\t\t<div class=\"elementor-inner\">\n\t\t\t\t\t\t\t<div class=\"elementor-section-wrap\">\n\t\t\t\t\t\t\t<section class=\"elementor-section elementor-top-section elementor-element elementor-element-cd7c5f0 elementor-section-boxed elementor-section-height-default elementor-section-height-default\" data-id=\"cd7c5f0\" data-element_type=\"section\">\n\t\t\t\t\t\t<div class=\"elementor-container elementor-column-gap-default\">\n\t\t\t\t\t\t\t<div class=\"elementor-row\">\n\t\t\t\t\t<div class=\"elementor-column elementor-col-100 elementor-top-column elementor-element elementor-element-03a7ec1\" data-id=\"03a7ec1\" data-element_type=\"column\">\n\t\t\t<div class=\"elementor-column-wrap elementor-element-populated\">\n\t\t\t\t\t\t\t<div class=\"elementor-widget-wrap\">\n\t\t\t\t\t\t<div class=\"elementor-element elementor-element-09c36d8 elementor-widget elementor-widget-text-editor\" data-id=\"09c36d8\" data-element_type=\"widget\" data-widget_type=\"text-editor.default\">\n\t\t\t\t<div class=\"elementor-widget-container\">\n\t\t\t\t\t\t\t\t<div class=\"elementor-text-editor elementor-clearfix\">\n\t\t\t\t\t<p class=\"p1\"><strong><br><\/strong><\/p><p class=\"p1\"><strong>Neden T\u00dcRK\u0130YE\u2019yi se\u00e7melisiniz?<\/strong><\/p>\n<ul class=\"ul1\">\n<li class=\"li1\">Geli\u015fmi\u015f altyap\u0131<\/li>\n<li class=\"li1\">Avrupa b\u00f6lgesi i\u00e7in g\u00fcmr\u00fcks\u00fcz g\u00f6nderi imkan\u0131<\/li>\n<li class=\"li1\">H\u0131zl\u0131 nakliye ve \u00fcretim s\u00fcreleri<\/li>\n<li class=\"li1\">Pamuk, pamuklu kuma\u015f \u00fcretiminde kuma\u015f boyalar\u0131 ve kar\u0131\u015f\u0131mlar\u0131nda \u00e7ok g\u00fc\u00e7l\u00fc<\/li>\n<li class=\"li1\">Y\u00fcksek oranda kad\u0131n \u00e7al\u0131\u015fan oran\u0131 \/ y\u00fcksek demokratik de\u011ferler<\/li>\n<li class=\"li1\">Deneyimli tasar\u0131m ve \u00fcretim i\u015f g\u00fcc\u00fc<\/li>\n<li class=\"li1\">Y\u0131ll\u0131k 27 Milyar dolarl\u0131k haz\u0131r giyim\/konfeksiyon ihracat\u0131<\/li>\n<li class=\"li1\">Entegre \u00fcretim, h\u0131zl\u0131 tedarik ve lojistik kapasitesi<\/li>\n<\/ul>\n<p>&nbsp;<br><\/p>\n<p class=\"p1\"><strong>Neden METKON?<\/strong><\/p>\n<ul class=\"ul1\">\n<li class=\"li1\">50+ y\u0131ll\u0131k tecr\u00fcbesi ile T\u00fcrkiye\u2019deki en iyi g\u00f6mlek \u00fcreticilerinden birisi<\/li>\n<li class=\"li1\">\u0130stanbul\u2019da kendi \u00fcretim tesislerinde \u00fcretim yapma imk\u00e2n\u0131<\/li>\n<li class=\"li1\">Deneyimli dizayn ve i\u015f geli\u015ftirme ekibi<\/li>\n<li class=\"li1\">M\u00fc\u015fteri odakl\u0131 ve zaman\u0131nda teslimat kapasitesinde<\/li>\n<li class=\"li1\">Kal\u0131plarda m\u00fckemmelli\u011fi sa\u011flamak i\u00e7in g\u00fcncel bilgisayar destekli \u00e7izim deste\u011fi (CAD) sistemlerine sahip tasar\u0131m ofisi<\/li>\n<li class=\"li1\">Zorlu ve zaman k\u0131s\u0131tl\u0131 i\u015fleri y\u00fcr\u00fctmede kabiliyetli<\/li>\n<li class=\"li1\">\u00dcretimhane ve ofislerimiz sosyal sorumluluk kapsam\u0131nda uyumlu\/sertifikal\u0131 ve denetlenmektedir<\/li>\n<li class=\"li1\">Y\u00fcksek m\u00fc\u015fteri memnuniyet oran\u0131<\/li>\n<li class=\"li1\">Sedex, GOTS, BSCI sertifikas\u0131 sahibi<\/li>\n<\/ul>\n<p>&nbsp;<br><\/p>\n<p class=\"p1\"><strong>G\u00fc\u00e7l\u00fc Y\u00f6nlerimiz<\/strong><\/p>\n<ul class=\"ul1\">\n<li class=\"li1\">Profesyonel \u00fcr\u00fcn geli\u015ftirme de kuma\u015f tedarik tak\u0131m\u0131<\/li>\n<li class=\"li1\">Ba\u015flang\u0131\u00e7 numunesi ve kal\u0131p \u00e7\u0131karmada uzmanl\u0131k<\/li>\n<li class=\"li1\">\u00c7ok dilli, iyi e\u011fitilmi\u015f sat\u0131\u015f ekibi<\/li>\n<li class=\"li1\">Tecr\u00fcbeli \u00fcretim ekibi<\/li>\n<li class=\"li1\">Detaylar konusunda hassas, tecr\u00fcbeli kalite kontrol ekibi<\/li>\n<li class=\"li1\">Destekleyici teknik &amp; lojistik ekipleri<\/li>\n<li class=\"li1\">Sosyal sorumluluk bilincinde<\/li>\n<\/ul>\t\t\t\t\t<\/div>\n\t\t\t\t\t\t<\/div>\n\t\t\t\t<\/div>\n\t\t\t\t\t\t<\/div>\n\t\t\t\t\t<\/div>\n\t\t<\/div>\n\t\t\t\t\t\t\t\t<\/div>\n\t\t\t\t\t<\/div>\n\t\t<\/section>\n\t\t\t\t\t\t<\/div>\n\t\t\t\t\t\t<\/div>\n\t\t\t\t\t<\/div>\n\t\t","protected":false},"excerpt":{"rendered":"<p>Neden T\u00dcRK\u0130YE\u2019yi se\u00e7melisiniz? Geli\u015fmi\u015f altyap\u0131 Avrupa b\u00f6lgesi i\u00e7in g\u00fcmr\u00fcks\u00fcz g\u00f6nderi imkan\u0131 H\u0131zl\u0131 nakliye ve \u00fcretim s\u00fcreleri Pamuk, pamuklu&#8230;<\/p>\n","protected":false},"author":1,"featured_media":0,"parent":0,"menu_order":0,"comment_status":"closed","ping_status":"closed","template":"elementor_header_footer","meta":{"footnotes":""},"class_list":["post-1439","page","type-page","status-publish","hentry"],"featured_image_urls":{"full":"","thumbnail":"","medium":"","medium_large":"","large":"","1536x1536":"","2048x2048":"","manufacturer_vertical_thumb":"","manufacturer_full":"","manufacturer_medium":"","manufacturer_single":"","manufacturer_wc_thumbnail":"","manufacturer_wc_medium":"","woocommerce_thumbnail":"","woocommerce_single":"","woocommerce_gallery_thumbnail":"","shop_catalog":"","shop_single":"","shop_thumbnail":""},"post_excerpt_stackable":"<p>Neden T\u00dcRK\u0130YE\u2019yi se\u00e7melisiniz? Geli\u015fmi\u015f altyap\u0131 Avrupa b\u00f6lgesi i\u00e7in g\u00fcmr\u00fcks\u00fcz g\u00f6nderi imkan\u0131 H\u0131zl\u0131 nakliye ve \u00fcretim s\u00fcreleri Pamuk, pamuklu kuma\u015f \u00fcretiminde kuma\u015f boyalar\u0131 ve kar\u0131\u015f\u0131mlar\u0131nda \u00e7ok g\u00fc\u00e7l\u00fc Y\u00fcksek oranda kad\u0131n \u00e7al\u0131\u015fan oran\u0131 \/ y\u00fcksek demokratik de\u011ferler Deneyimli tasar\u0131m ve \u00fcretim i\u015f g\u00fcc\u00fc Y\u0131ll\u0131k 27 Milyar dolarl\u0131k haz\u0131r giyim\/konfeksiyon ihracat\u0131 Entegre \u00fcretim, h\u0131zl\u0131 tedarik ve lojistik kapasitesi &nbsp; Neden METKON? 50+ y\u0131ll\u0131k tecr\u00fcbesi ile T\u00fcrkiye\u2019deki en iyi g\u00f6mlek \u00fcreticilerinden birisi \u0130stanbul\u2019da kendi \u00fcretim tesislerinde \u00fcretim yapma imk\u00e2n\u0131 Deneyimli dizayn ve i\u015f geli\u015ftirme ekibi M\u00fc\u015fteri odakl\u0131 ve zaman\u0131nda teslimat kapasitesinde Kal\u0131plarda m\u00fckemmelli\u011fi sa\u011flamak i\u00e7in g\u00fcncel bilgisayar destekli \u00e7izim deste\u011fi (CAD) sistemlerine sahip tasar\u0131m&hellip;<\/p>\n","category_list":"","author_info":{"name":"metkontekstil_","url":"https:\/\/www.metkontekstil.com\/?author=1"},"comments_num":"0 comments","_links":{"self":[{"href":"https:\/\/www.metkontekstil.com\/index.php?rest_route=\/wp\/v2\/pages\/1439","targetHints":{"allow":["GET"]}}],"collection":[{"href":"https:\/\/www.metkontekstil.com\/index.php?rest_route=\/wp\/v2\/pages"}],"about":[{"href":"https:\/\/www.metkontekstil.com\/index.php?rest_route=\/wp\/v2\/types\/page"}],"author":[{"embeddable":true,"href":"https:\/\/www.metkontekstil.com\/index.php?rest_route=\/wp\/v2\/users\/1"}],"replies":[{"embeddable":true,"href":"https:\/\/www.metkontekstil.com\/index.php?rest_route=%2Fwp%2Fv2%2Fcomments&post=1439"}],"version-history":[{"count":10,"href":"https:\/\/www.metkontekstil.com\/index.php?rest_route=\/wp\/v2\/pages\/1439\/revisions"}],"predecessor-version":[{"id":2121,"href":"https:\/\/www.metkontekstil.com\/index.php?rest_route=\/wp\/v2\/pages\/1439\/revisions\/2121"}],"wp:attachment":[{"href":"https:\/\/www.metkontekstil.com\/index.php?rest_route=%2Fwp%2Fv2%2Fmedia&parent=1439"}],"curies":[{"name":"wp","href":"https:\/\/api.w.org\/{rel}","templated":true}]}}